{"id":54,"date":"2013-03-25T12:34:07","date_gmt":"2013-03-25T11:34:07","guid":{"rendered":"http:\/\/fegbbs.ch\/?page_id=54"},"modified":"2023-01-24T19:57:02","modified_gmt":"2023-01-24T18:57:02","slug":"unterstutzung","status":"publish","type":"page","link":"https:\/\/www.fegbbs.ch\/?page_id=54","title":{"rendered":"Unterst\u00fctzung"},"content":{"rendered":"<p>M\u00f6chten Sie uns als Verein FEG Brass Band Sulgen unterst\u00fctzen und regelm\u00e4ssig \u00fcber unsere Aktivit\u00e4ten informiert werden?<br \/>\nDann werden Sie G\u00f6nner von uns! Weitere Infos sind im Flyer ersichtlich.<\/p>\n<p><a href=\"https:\/\/www.fegbbs.ch\/wp-content\/uploads\/2013\/03\/unterstuetzung.pdf\"><span style=\"color: #3366ff;\">FEGBBS G\u00f6nner werden<\/span><\/a><\/p>\n<p>Bankverbindung:<\/p>\n<p>FEG Brass-Band Sulgen<br \/>\n8583 Sulgen<br \/>\nIBAN:&nbsp;CH95 0078 4232 0000 6960 8<br \/>\nThurgauer Kantonalbank<br \/>\n8570 Weinfelden<\/p>\n<p>&nbsp;<\/p>\n","protected":false},"excerpt":{"rendered":"<p>M\u00f6chten Sie uns als Verein FEG Brass Band Sulgen unterst\u00fctzen und regelm\u00e4ssig \u00fcber unsere Aktivit\u00e4ten informiert werden? Dann werden Sie G\u00f6nner von [&hellip;]<\/p>\n","protected":false},"author":1,"featured_media":0,"parent":0,"menu_order":6,"comment_status":"closed","ping_status":"closed","template":"","meta":{"ngg_post_thumbnail":0,"footnotes":""},"class_list":["post-54","page","type-page","status-publish","hentry"],"_links":{"self":[{"href":"https:\/\/www.fegbbs.ch\/index.php?rest_route=\/wp\/v2\/pages\/54","targetHints":{"allow":["GET"]}}],"collection":[{"href":"https:\/\/www.fegbbs.ch\/index.php?rest_route=\/wp\/v2\/pages"}],"about":[{"href":"https:\/\/www.fegbbs.ch\/index.php?rest_route=\/wp\/v2\/types\/page"}],"author":[{"embeddable":true,"href":"https:\/\/www.fegbbs.ch\/index.php?rest_route=\/wp\/v2\/users\/1"}],"replies":[{"embeddable":true,"href":"https:\/\/www.fegbbs.ch\/index.php?rest_route=%2Fwp%2Fv2%2Fcomments&post=54"}],"version-history":[{"count":11,"href":"https:\/\/www.fegbbs.ch\/index.php?rest_route=\/wp\/v2\/pages\/54\/revisions"}],"predecessor-version":[{"id":1657,"href":"https:\/\/www.fegbbs.ch\/index.php?rest_route=\/wp\/v2\/pages\/54\/revisions\/1657"}],"wp:attachment":[{"href":"https:\/\/www.fegbbs.ch\/index.php?rest_route=%2Fwp%2Fv2%2Fmedia&parent=54"}],"curies":[{"name":"wp","href":"https:\/\/api.w.org\/{rel}","templated":true}]}}