{"id":28,"date":"2013-03-25T11:51:27","date_gmt":"2013-03-25T09:51:27","guid":{"rendered":"http:\/\/fegbbs.ch\/?page_id=28"},"modified":"2022-05-09T13:10:37","modified_gmt":"2022-05-09T11:10:37","slug":"kalender","status":"publish","type":"page","link":"https:\/\/www.fegbbs.ch\/?page_id=28","title":{"rendered":"\u00dcber uns"},"content":{"rendered":"<p>Die FEG Brass Band Sulgen wurde 1960 von jungen Bl\u00e4sern gegr\u00fcndet, die sich zum musizieren in Sulgen (TG) trafen. Ihr Vorbild waren die Brass Bands der englischen Heilsarmee, welche ebenfalls zum Ziel haben, mit den ihnen gegebenen Mitteln, gute Musik zur Ehre Gottes machen.<\/p>\n<p><img loading=\"lazy\" decoding=\"async\" class=\"alignleft wp-image-995\" src=\"https:\/\/www.fegbbs.ch\/wp-content\/uploads\/IMG-20180224-WA0034-300x169.jpg\" alt=\"IMG-20180224-WA0034\" width=\"347\" height=\"195\" srcset=\"https:\/\/www.fegbbs.ch\/wp-content\/uploads\/IMG-20180224-WA0034-300x169.jpg 300w, https:\/\/www.fegbbs.ch\/wp-content\/uploads\/IMG-20180224-WA0034-768x432.jpg 768w, https:\/\/www.fegbbs.ch\/wp-content\/uploads\/IMG-20180224-WA0034-1024x576.jpg 1024w, https:\/\/www.fegbbs.ch\/wp-content\/uploads\/IMG-20180224-WA0034-830x467.jpg 830w, https:\/\/www.fegbbs.ch\/wp-content\/uploads\/IMG-20180224-WA0034-230x129.jpg 230w, https:\/\/www.fegbbs.ch\/wp-content\/uploads\/IMG-20180224-WA0034-350x197.jpg 350w, https:\/\/www.fegbbs.ch\/wp-content\/uploads\/IMG-20180224-WA0034-480x270.jpg 480w, https:\/\/www.fegbbs.ch\/wp-content\/uploads\/IMG-20180224-WA0034.jpg 1328w\" sizes=\"auto, (max-width: 347px) 100vw, 347px\" \/><\/p>\n<p>Im Laufe der Jahre hat die Brass Band an Niveau, Erfahrung und Vielfalt ihres Repertoires dazu gewonnen. In den folgenden Jahrzehnten haben immer wieder neue und junge Mitspieler den Geist und die Vision der Gr\u00fcnder ihrer Brass Band weitergetragen, n\u00e4mlich mit Musik Gott zu loben und die Zuh\u00f6rer auf die frohe Botschaft von Jesus aufmerksam zu machen.<\/p>\n<p>2007 \u00fcbernahm J\u00fcrg Messmer die musikalische Leitung. Mit seinem frischen Schwung und seiner Erfahrung in diversen Brass Bands f\u00fchrt er die FEG Brass Band Sulgen auf einem sicheren Weg.<\/p>\n<p>Nat\u00fcrlich gibt es bei uns auch die M\u00f6glichkeit Passivmitglied zu werden oder das Spielen von Blechblasinstrumenten zu erlernen.<\/p>\n<p>Melden Sie sich ungeniert bei Pr\u00e4sident Philipp Fisch unter <a href=\"mailto:presi@fegbbs.ch\">presi@fegbbs.ch <\/a><\/p>\n","protected":false},"excerpt":{"rendered":"<p>Die FEG Brass Band Sulgen wurde 1960 von jungen Bl\u00e4sern gegr\u00fcndet, die sich zum musizieren in Sulgen (TG) trafen. Ihr Vorbild waren [&hellip;]<\/p>\n","protected":false},"author":1,"featured_media":0,"parent":0,"menu_order":2,"comment_status":"closed","ping_status":"open","template":"","meta":{"ngg_post_thumbnail":0,"footnotes":""},"class_list":["post-28","page","type-page","status-publish","hentry"],"_links":{"self":[{"href":"https:\/\/www.fegbbs.ch\/index.php?rest_route=\/wp\/v2\/pages\/28","targetHints":{"allow":["GET"]}}],"collection":[{"href":"https:\/\/www.fegbbs.ch\/index.php?rest_route=\/wp\/v2\/pages"}],"about":[{"href":"https:\/\/www.fegbbs.ch\/index.php?rest_route=\/wp\/v2\/types\/page"}],"author":[{"embeddable":true,"href":"https:\/\/www.fegbbs.ch\/index.php?rest_route=\/wp\/v2\/users\/1"}],"replies":[{"embeddable":true,"href":"https:\/\/www.fegbbs.ch\/index.php?rest_route=%2Fwp%2Fv2%2Fcomments&post=28"}],"version-history":[{"count":40,"href":"https:\/\/www.fegbbs.ch\/index.php?rest_route=\/wp\/v2\/pages\/28\/revisions"}],"predecessor-version":[{"id":1418,"href":"https:\/\/www.fegbbs.ch\/index.php?rest_route=\/wp\/v2\/pages\/28\/revisions\/1418"}],"wp:attachment":[{"href":"https:\/\/www.fegbbs.ch\/index.php?rest_route=%2Fwp%2Fv2%2Fmedia&parent=28"}],"curies":[{"name":"wp","href":"https:\/\/api.w.org\/{rel}","templated":true}]}}